Let l(o) = -o**3 + o**2 - 1. Let x(q) = j(q) - 6*l(q). What is the tens digit of x(-1)?
4
Suppose 4*f + 6 = -14. Let b be (-5)/2*(f - -7). What is the units digit of (-2)/b - (-113)/5?
3
Suppose -2*j + 2*f - 14 = 6*f, -5*f = -5*j + 40. Suppose -j*r - g = -566, 4*r = -g + 6*g + 761. What is the tens digit of r?
8
Suppose 7*u = 6*u + 2*d + 277, 0 = -2*u + 5*d + 556. What is the units digit of u?
3
Suppose 3*k + 21 = 2*y, 2*y + 4*k - 40 = -y. Suppose -6*f + 24 = 4*x - 2*f, -f + y = 2*x. What is the units digit of x?
6
Let x(c) = c**3 + 10*c**2 + 17*c + 7. Let t be x(-5). Let d = 51 + t. What is the units digit of d?
8
Let b be 238/98 - 6/14. Suppose 5*x - 1 = 4. Let t = b - x. What is the units digit of t?
1
What is the hundreds digit of 1/(4 + 1590/(-398))?
1
Let p(j) = -j + 15. Let k be p(12). Let q(i) = 4*i + 4 - 4 + k. What is the units digit of q(9)?
9
Let g(h) = h**3 + 5*h**2 - 3*h. Let o be g(5). Suppose -t - 101 = o. What is the tens digit of t/(-15) + (-6)/15?
2
What is the units digit of (27/(-6))/((-63)/36246)?
9
Suppose -5*t - 3*f + 5*f + 1810 = 0, -t + 345 = 3*f. What is the units digit of t?
0
Let x = 49 - 58. Suppose 0*m - 3 = m. What is the tens digit of x/2*10/m?
1
Suppose -2*m + 245 = 3*m. What is the units digit of 1897/m + 2/7?
9
Let n(h) = -5*h + 11. Let j(i) = -i. Let p(s) = 3*j(s) + n(s). What is the units digit of p(-5)?
1
What is the hundreds digit of 3206 + (-3 - -48)/(-5)?
1
Let r(v) be the third derivative of -v**6/120 - v**5/20 + 5*v**4/24 + 5*v**3/6 - v**2. Let q be r(-4). What is the tens digit of ((-12)/q)/((-3)/4)?
1
Let h(o) = 5*o + 94. What is the hundreds digit of h(16)?
1
Let d(j) = -63*j - 3. Let m(n) = -568*n - 26. Let w(k) = 52*d(k) - 6*m(k). What is the tens digit of w(1)?
3
What is the units digit of ((-34)/(-85))/((-2)/(-635))?
7
Let u(o) = o**2 + o. Let z(w) = 7*w**2 + 7*w - 13. Let p(t) = -6*u(t) + z(t). What is the tens digit of p(-12)?
1
Let a be (-2)/9 + (2 - 44/(-36)). What is the hundreds digit of a/(-8) - (-8615)/40?
2
Suppose c = 2*s - 323, s - c - 166 = 4*c. Let v = s + -115. What is the units digit of v?
6
Let u = 0 - -2. Let z be 1*-5 - (4 - u). What is the units digit of (4 - 60/14)*z?
2
Let j(z) = 11*z**2 - 1. Let u(o) = o**3 + 13*o**2 + 12*o - 1. Let a be u(-12). Let l be j(a). Suppose -2*q + l + 28 = 0. What is the units digit of q?
9
Let w be 92 + -1 + -1 + -1. Let a(t) = 131*t**2 - 4*t + 1. Let v be a(1). Let k = v - w. What is the tens digit of k?
3
Let a = -12 - -15. Suppose 88 = a*j + j. Suppose 0 = -5*z - j + 82. What is the tens digit of z?
1
Let b = 13 - 1. Suppose -y - b = 6. What is the units digit of (102/y)/(2/(-6))?
7
Let h = 116 - -163. What is the tens digit of h?
7
What is the hundreds digit of (73 - 72)/((-1)/(-753))?
7
What is the hundreds digit of (-765)/(-68)*8/(-6)*-166?
4
Let l = 1095 - 155. What is the tens digit of l?
4
Suppose 0 = 5*n - 3*m - 3, 4*n = 2*n - 3*m + 18. Suppose w + 4*w - 20 = 0, 28 = -2*k - n*w. Let f = -2 - k. What is the tens digit of f?
1
Let m = 7337 - 2184. What is the thousands digit of m?
5
Suppose 4*x - 3*u = 20, -3*x + 7 + 7 = -2*u. Let s(b) = -3*b**2 + 2*b**x + 8*b + 4*b - 2 + 0*b**2. What is the tens digit of s(9)?
2
Suppose -5*j + 52 = -3. Suppose -450 = -j*u + 2*u. What is the units digit of u?
0
Suppose 0 = -3*f - 2*i + i - 12, -3*f + 5*i - 12 = 0. What is the units digit of (2 + 12 + -2)/(f/(-14))?
2
Let f = 7774 - 4741. What is the units digit of f?
3
Let h = 53 - -822. What is the units digit of h?
5
Suppose k + z - 149 = 4*z, -147 = -k + 2*z. What is the hundreds digit of k?
1
Let k(y) = -3*y**3 - 13 - 9*y + 12 - 14*y**2 - 3*y**2 + y**3. What is the units digit of k(-8)?
7
What is the tens digit of (-7017379)/(-1891) - (-4)/62?
1
Let f(c) = c**2 - 17*c + 42. Let s be f(14). Let d(l) be the first derivative of -l**2 + 14*l - 1. What is the units digit of d(s)?
4
Let u(m) be the first derivative of -m**2/2 + 6*m - 1. Let t be u(4). What is the units digit of -2 - (t - 3) - -5?
4
Let n(o) = -28*o - 116. What is the tens digit of n(-22)?
0
Suppose 0 = 5*b + 3*s - 30334, 5*s = b - 3042 - 3008. What is the hundreds digit of b?
0
Let w = -413 + 687. What is the units digit of w?
4
Let j = -14 - -18. Suppose 2*z = j*q - 26, -5*q + 0*z + 3*z = -32. What is the units digit of q?
7
Let l(u) = -u + 5. Let x(n) = -n**2 + 21*n - 15. Let a be x(20). Let t be l(a). Suppose t = b + 4*b - 50. What is the tens digit of b?
1
Suppose 0 = -4*t + 4*z + 13032, -t + 3261 = 438*z - 436*z. What is the tens digit of t?
5
Let r(n) = -235 - 2*n + 254 + 3*n. What is the tens digit of r(0)?
1
Suppose 4*q - 46 = -5*l + 16, 2*q = -5*l + 26. Suppose -q = 5*w + 7. What is the units digit of 60*(-4)/50*w?
4
Suppose -4*o + 21 = 9, 5*o = 3*t - 30. What is the tens digit of 849/t - 4/(-10)?
5
Suppose -5*g + 8 = 4*i + 33, -3*g = 4*i + 15. What is the units digit of 286/65 + (-3)/g?
5
Suppose 2*r - 25 = 2*c + 31, 4*c + r + 97 = 0. Let m = 48 + c. What is the units digit of m/3 - (-4)/12?
8
Suppose 3 = -5*l - 37. What is the tens digit of (-29 + -107)*1*10/l?
7
Let z = -87 + 34. Let r = 127 - z. Suppose 2*u - 3*a = 6*u - 140, -5*u + r = 5*a. What is the tens digit of u?
3
Suppose -6*s + 18 = -0*s. Suppose 4*n + v = 6, 6*v = -s*n + 3*v. Suppose n*z + 3*z - 210 = 0. What is the units digit of z?
2
Suppose 0 = 2*w - 2*v + 214, -5*w - 2*v = -3*v + 531. Let l = -71 - w. Let i = l + -15. What is the units digit of i?
0
What is the units digit of (-10)/(9 - 14) + 676 + 0?
8
Let n = -49 + 59. Let b = n - -106. What is the tens digit of b?
1
Let a(f) be the third derivative of -7*f**4/12 - f**3 - f**2. Let n be a(-3). Let i = n + -26. What is the tens digit of i?
1
Suppose -1358 = -5*v + 3762. Suppose 11*u - 1506 = v. What is the hundreds digit of u?
2
Suppose 24*z = 482 + 7150. What is the tens digit of z?
1
Let z(c) = 2*c**2 - 24*c. Let m be z(12). Suppose m*l - a = -2*l + 41, 0 = 2*l - 2*a - 36. What is the units digit of l?
3
Suppose -8*j = -7*j - 2. What is the units digit of 2224/40 + -6 - j/(-5)?
0
Let h = 70 + -67. Suppose -1 = 2*o + h*g + 9, 5*g = 4*o - 24. What is the units digit of o?
1
Suppose 1519 = 2*m + 3*z, 2*m + 756 = 3*m - 2*z. What is the tens digit of m?
5
Let l = -280 + 261. Let w(y) = -y - 2. Let q be w(4). Let t = q - l. What is the units digit of t?
3
What is the tens digit of 78/2*352/66?
0
What is the hundreds digit of -8*1 - (-1131 - -56)?
0
Suppose -129*w - 3*y = -125*w - 5402, 0 = -3*w + y + 4058. What is the tens digit of w?
5
What is the hundreds digit of 7/((-21)/(-9)) - -537?
5
Let o(v) = -v**2 - 11*v + 19. Let s be o(7). Let u = s + 180. What is the tens digit of u?
7
What is the units digit of (1 - 4/2)/(199/(-30845))?
5
Suppose 2*m = 2*t - 0*t + 14, -t - 3*m = 19. Let i(p) = p + 12. Let o be i(t). What is the units digit of (o - -4)*2/3?
4
Suppose r + 5210 = 3*d, 0 = -d - d - 5*r + 3496. What is the thousands digit of d?
1
Let l(d) = -d**2 + 4*d - 4. Let t be l(-4). Let r = 75 + t. What is the units digit of (r/(-12))/((-1)/8)?
6
Suppose 4*a - 5*a = -557. What is the units digit of a?
7
Let m be ((-15)/(-12))/((-1)/(-20)). Let q = m + 32. What is the tens digit of q?
5
Let l(m) = m**3 + 31*m**2 - 13*m - 23. What is the tens digit of l(-29)?
3
What is the hundreds digit of 851/(-1)*(-30 - -27)?
5
Let s(t) = 21*t + 86. Let u(b) = 11*b + 43. Let h(g) = -3*s(g) + 5*u(g). What is the tens digit of h(-7)?
1
Let o(i) be the third derivative of i**6/120 - 4*i**5/15 + 17*i**4/24 - 7*i**3/3 - 6*i**2 - 2*i. Let q be (9/12)/(1/20). What is the units digit of o(q)?
6
Let n(u) = 2*u + 6. Let s be n(5). Let z be (-20)/s + (-2)/(-8). What is the tens digit of (z - 1) + 17 + 0?
1
Let s be (-4)/18 - 40/(-18) - -24. Suppose 0 = 2*t - 2*o - 4 - s, 0 = -3*t - 2*o + 55. What is the tens digit of t?
1
Let r(p) = -p**3 - 2*p**2 - 2*p + 2575. What is the thousands digit of r(0)?
2
Let l(o) = -o**3 + 5*o**2 + 8*o + 1. Let z = 39 - 33. What is the units digit of l(z)?
3
Let n(s) be the second derivative of 3*s**4 + s**3/3 - s**2/2 + 5*s. What is the units digit of n(1)?
7
Suppose -5*r + 5 = -0. Let j = r + 21. What is the units digit of j?
2
Let k = 2543 + -4802. What is the units digit of k/(-36) + (-3)/4?
2
Let l = 67 + 41. What is the tens digit of l?
0
Suppose -m - 